) = 111*h**2 - 309*h + 1. Calculate k(2).
-173
Let n(j) = -69*j**2 - 219*j - 222. Calculate n(-1).
-72
Let t(k) = -845*k - 1409. Give t(-2).
281
Let d(z) = -z**2 - 6916*z - 62176. What is d(-9)?
-13
Let y(u) = -3*u**3 + 31*u**2 - u - 10. Give y(4).
290
Let p(c) = -9882*c + 66879. What is p(7)?
-2295
Let d(i) = 4*i**3 - 594*i**2 - 1510*i + 4. What is d(151)?
4
Let u(x) = -174*x**2 + 943*x - 13. What is u(6)?
-619
Let b(s) = -s**3 + 49*s**2 - 484*s - 190. What is b(35)?
20
Let u(r) = r**3 - 11*r**2 + 110*r - 360. Calculate u(4).
-32
Let l(u) = -287*u**2 - 62*u + 13. Calculate l(-2).
-1011
Let j(b) = -9529*b + 29144. Give j(3).
557
Let q(k) = -311*k + 71722. Calculate q(247).
-5095
Let x(i) = i**3 + 93*i**2 + 518*i + 626. Give x(-87).
974
Let a(n) = 15758*n - 756396. Give a(48).
-12
Let o(z) = 1227*z - 11. What is o(0)?
-11
Let u(b) = -b**3 - 43*b**2 - 123*b - 13. Determine u(-40).
107
Let j(w) = w**2 + 684*w - 55948. Give j(75).
977
Let p(q) = 5*q**3 + 12*q**2 - 161*q + 658. Determine p(7).
1834
Let x(l) = -12*l**2 + 24*l - 166. What is x(4)?
-262
Let i(x) = 8*x**2 - 749*x - 111. Give i(94).
171
Let b(u) = 6*u**3 + 5245*u**2 + 872*u - 1761. Calculate b(-874).
-13
Let w(a) = 1051*a + 9278. What is w(-9)?
-181
Let c(d) = d**3 - 188*d**2 + 2275*d - 158. What is c(13)?
-158
Let v(u) = -u**2 - 68*u + 7039. Give v(-122).
451
Let j(c) = -5*c**3 - 70*c**2 - 38*c - 467. Determine j(-14).
65
Let r(g) = 286*g**3 + 3*g**2 - 19*g - 20. Give r(-1).
-284
Let i(r) = -140121*r - 700619. Determine i(-5).
-14
Let h(z) = 13859*z + 83472. Calculate h(-6).
318
Let y(f) = 2985*f + 2393. What is y(-1)?
-592
Let r(k) = -k**3 - 7087*k + 42540. Determine r(6).
-198
Let d(r) = -27*r**3 - 1595*r**2 - 101*r + 47. Calculate d(-59).
-956
Let v(o) = 98890*o + 395558. Calculate v(-4).
-2
Let l(f) = 857*f**2 + 3449*f + 110. Determine l(-4).
26
Let u(w) = -487*w**2 + 434407*w - 2689. Give u(892).
-13
Let x(r) = -3*r**3 - 8*r**2 + 614*r + 62. Determine x(15).
-2653
Let c(n) = -4*n**3 - 3*n**2 - 30*n + 306. Give c(5).
-419
Let f(v) = -3*v**2 - 4717*v - 70082. Give f(-15).
-2
Let g(r) = r**2 + 12330*r + 49295. Calculate g(-4).
-9
Let a(b) = -247*b + 12762. Calculate a(52).
-82
Let b(z) = -z**2 + 98*z + 3541. What is b(-28)?
13
Let q(w) = 2*w**3 - 77*w**2 - 281*w - 143. Determine q(42).
403
Let y(p) = 5769*p - 911514. What is y(158)?
-12
Let a(s) = -521*s + 62895. Give a(122).
-667
Let a(h) = -h**3 + 16*h**2 + 1127*h - 15453. What is a(13)?
-295
Let x(t) = 16*t**3 + 47*t**2 + 27*t + 30. Determine x(-1).
34
Let c(b) = 11*b**2 - 2072*b + 3389. Determine c(187).
584
Let i(s) = -s**2 - 5055*s + 40412. What is i(8)?
-92
Let l(y) = 117*y**3 - 2*y**2 - 1941*y + 1943. Determine l(1).
117
Let b(t) = -2*t**2 - 231*t + 14043. Calculate b(44).
7
Let b(v) = -4*v**3 + 448*v**2 + 2*v + 136. Determine b(112).
360
Let o(q) = -2*q**3 - 12*q**2 + 69*q + 673. Determine o(-9).
538
Let m(f) = -678*f - 7942. Give m(-12).
194
Let x(t) = -156*t + 6661. Give x(29).
2137
Let w(t) = -t**3 - 52*t**2 - 184*t + 779. Determine w(-48).
395
Let k(r) = 600*r - 94708. Determine k(160).
1292
Let o(b) = 6*b**3 - 1361*b**2 - 259*b + 7262. Give o(227).
-2
Let c(r) = 2*r**3 + 12*r**2 + 13*r + 58. Calculate c(-10).
-872
Let y(a) = 2338*a - 11310. Calculate y(5).
380
Let k(i) = -2*i**2 - 184*i + 13053. Give k(49).
-765
Let x(z) = -z**3 - 336*z**2 + 289*z + 319649. Determine x(-334).
11
Let l(k) = -2*k**2 + 609*k - 28951. What is l(245)?
204
Let h(z) = 95*z**3 - 662*z**2 - 22*z + 16. Calculate h(7).
9
Let d(k) = -58*k**2 - 12*k + 58. What is d(3)?
-500
Let u(v) = -2*v**3 - 133*v**2 + 54*v - 420. Give u(-67).
451
Let n(q) = 303*q**2 + 690*q + 1360. Calculate n(-2).
1192
Let p(g) = 11*g**3 - 236*g**2 - 3256*g + 25. Determine p(31).
-6
Let b(y) = 2*y**2 + 9096*y + 163073. Give b(-18).
-7
Let m(x) = 1988*x - 115280. Calculate m(58).
24
Let h(f) = -5*f**2 + 13159*f - 52583. Determine h(4).
-27
Let y(n) = -3*n**3 + 20*n**2 - 386*n - 1274. Calculate y(-3).
145
Let v(j) = -j**3 - 144*j**2 + 2357*j - 8747. Determine v(6).
-5
Let x(b) = 55*b**3 - 2360*b**2 - 198*b - 729. Determine x(43).
2
Let v(c) = -10*c**2 - 1284*c - 29109. What is v(-99)?
-3
Let l(p) = 26*p**2 + 84*p + 419. Calculate l(-5).
649
Let q(g) = 67*g**3 + 1808*g**2 - 21*g - 212. Give q(-27).
-374
Let a(y) = 2492*y + 5288. Give a(-2).
304
Let n(g) = -107553*g - 752866. Give n(-7).
5
Let v(i) = 6877*i - 68489. Give v(10).
281
Let f(u) = -u**3 + 27*u**2 + 1697*u - 49083. Determine f(37).
16
Let c(f) = -4429*f + 336530. Give c(76).
-74
Let m(f) = 95426*f + 183. Give m(0).
183
Let t(r) = -6*r**2 - 167*r + 2856. Give t(17).
-1717
Let m(t) = -238825*t - 238825. Give m(-1).
0
Let c(k) = -5*k**2 - 170*k - 1298. Calculate c(-8).
-258
Let a(v) = -721*v + 20988. Calculate a(29).
79
Let f(l) = -29776*l - 13041892. Give f(-438).
-4
Let n(b) = -b**3 + 649*b**2 - 11975*b + 93. Calculate n(19).
-2
Let p(f) = 12654*f**2 + 531452*f - 665. What is p(-42)?
7
Let d(h) = -1972*h + 10242. What is d(5)?
382
Let n(c) = 234434*c + 6. What is n(0)?
6
Let y(s) = -s**2 + 97*s - 1880. What is y(43)?
442
Let r(i) = 55*i - 2217. Give r(21).
-1062
Let v(n) = -32*n**2 + 35*n - 91. Determine v(8).
-1859
Let l(g) = g**3 - 42*g**2 + 349*g - 2712. Give l(34).
-94
Let h(a) = -3*a**3 + 312*a**2 - 1692*a - 7068. What is h(98)?
-12
Let q(n) = -59239*n + 829367. Calculate q(14).
21
Let z(w) = -5*w**2 - 21121*w - 168740. Calculate z(-8).
-92
Let c(w) = 5*w**3 + 13*w**2 + 87*w - 141. Determine c(-7).
-1828
Let i(j) = 12*j**2 - 813*j - 194. What is i(70)?
1696
Let v(p) = -32*p**2 + 283*p + 25517. What is v(33)?
8
Let y(q) = -538*q + 130508. Give y(241).
850
Let z(k) = -k**3 + 1346*k**2 + 317956*k + 207. Give z(-205).
2
Let n(q) = -q**3 + 40*q**2 - 307*q - 179. Give n(11).
-47
Let r(b) = -34*b**2 - 81*b - 152. What is r(-8)?
-1680
Let f(x) = -x**2 - 391*x + 10846. What is f(26)?
4
Let d(z) = -3*z**3 + 615*z**2 - 21*z + 4229. What is d(205)?
-76
Let x(m) = 82952*m + 829536. Give x(-10).
16
Let y(c) = c**3 - 48*c**2 + 571*c + 471. Calculate y(20).
691
Let x(z) = z**3 - 269*z**2 - 58354*z - 3311. Give x(411).
-23
Let r(p) = -2*p**2 - 12711*p + 601909. What is r(47)?
74
Let t(u) = 21*u + 78. Give t(-3).
15
Let q(i) = 180*i**2 + 9172*i + 215. What is q(-51)?
623
Let m(x) = -213*x**3 - 2*x**2 + 2156*x + 2157. What is m(-1)?
212
Let o(z) = -z**3 - 23*z**2 - z + 90. Determine o(-23).
113
Let t(q) = 19*q**2 - 719*q + 1750. What is t(36)?
490
Let h(s) = -2*s**3 - 76*s**2 - 1438*s - 74489. What is h(-42)?
19
Let x(o) = o + 110. Calculate x(-88).
22
Let m(d) = d**2 + 28*d + 80. Determine m(-24).
-16
Let w(z) = 26315*z - 342099. Calculate w(13).
-4
Let v(b) = -580*b**2 + 17400*b + 17. Calculate v(30).
17
Let i(m) = 44277*m + 4029203. What is i(-91)?
-4
Let w(u) = -15727*u + 3805940. What is w(242)?
6
Let i(u) = -70*u**2 + 314*u + 1508. Determine i(-3).
-64
Let n(d) = -47*d + 898. Calculate n(35).
-747
Let o(s) = 70341*s + 1758531. Determine o(-25).
6
Let p(f) = 1426*f**3 - 2*f**2 + f + 2. Determine p(1).
1427
Let j(o) = o**3 + 144*o**2 - 1261*o - 219388. What is j(-142)?
2
Let w(m) = 9231*m - 498548. Calculate w(54).
-74
Let d(j) = -2250*j + 148495. Determine d(66).
-5
Let h(v) = 277*v - 6516. Determine h(24).
132
Let w(k) = 4*k**3 - 29*k**2 - 111*k + 1085. Give w(12).
2489
Let l(d) = d**3 + 444*d**2 + 887*d + 1841. Give l(-442).
515
Let m(l) = 2*l**3 + 32*l**2 - 142*l - 1265. Give m(7).
-5
Let n(v) = -v**3 - 117*v**2 - 3414*v - 571. What is n(-64)?
837
Let z(u) = 17*u**2 + 87*u - 608. Determine z(-9).
-14
Let x(q) = 3*q**3 + 207*q**2 + 194*q - 1629. Calculate x(-68).
-949
Let x(q) = -129*q - 177. Calculate x(11).
-1596
Let g(a) = 407*a + 1546. What is g(-3)?
325
Let h(u) = -2*u**3 + 96*u**2 + 17*u - 838. Calculate h(48).
-22
Let x(t) = 6*t**2 - 134*t + 111. Calculate x(21).
-57
Let n(v) = -6*v**3 - 166*v**2 - 154*v + 57. Give n(-27).
1299
Let l(s) = -96765*s + 483832. Give l(5).
7
Let g(m) = -m**3 + 73*m**2 - 6616*m - 22. What is g(0)?
-22
Let m(v) = v**3 - 33*v**2 - 174*v + 5451. Determine m(33).
-291
Let d(l) = l**3 + 5*l**2 - 224*l + 3. What is d(11)?
-525
Let w(q) = -3*q**2 + 183*q + 1125. What is w(66)?
135
Let u(b) = -2039*b + 60888. Give u(30).
-282
Let u(b) = -761*b**2 - 10651*b + 41. What is u(-14)?
-1
Let u(p) = -2*p*